{"id":506,"date":"2017-04-19T17:34:20","date_gmt":"2017-04-19T17:34:20","guid":{"rendered":"http:\/\/besmacargo.com\/es-ca\/?page_id=506"},"modified":"2020-04-27T19:32:06","modified_gmt":"2020-04-27T17:32:06","slug":"avis-de-privacitat","status":"publish","type":"page","link":"http:\/\/besmacargo.com\/es-ca\/avis-de-privacitat\/","title":{"rendered":"Av\u00eds de privacitat"},"content":{"rendered":"<p>[et_pb_section admin_label=\u00bbSecci\u00f3n\u00bb transparent_background=\u00bboff\u00bb allow_player_pause=\u00bboff\u00bb inner_shadow=\u00bboff\u00bb parallax=\u00bboff\u00bb parallax_method=\u00bbon\u00bb padding_mobile=\u00bboff\u00bb make_fullwidth=\u00bboff\u00bb use_custom_width=\u00bboff\u00bb width_unit=\u00bboff\u00bb custom_width_px=\u00bb1080px\u00bb custom_width_percent=\u00bb80%\u00bb make_equal=\u00bboff\u00bb use_custom_gutter=\u00bboff\u00bb fullwidth=\u00bbon\u00bb specialty=\u00bboff\u00bb disabled=\u00bboff\u00bb][et_pb_fullwidth_header admin_label=\u00bbT\u00edtulo de anchura completa\u00bb title=\u00bbAv\u00eds de privacitat\u00bb background_layout=\u00bbdark\u00bb text_orientation=\u00bbright\u00bb header_fullscreen=\u00bboff\u00bb header_scroll_down=\u00bboff\u00bb background_url=\u00bbhttp:\/\/besmacargo.com\/es-ca\/wp-content\/uploads\/en-besma.jpg\u00bb parallax=\u00bboff\u00bb parallax_method=\u00bboff\u00bb content_orientation=\u00bbcenter\u00bb image_orientation=\u00bbcenter\u00bb custom_button_one=\u00bboff\u00bb button_one_letter_spacing=\u00bb0&#8243; button_one_use_icon=\u00bbdefault\u00bb button_one_icon_placement=\u00bbright\u00bb button_one_on_hover=\u00bbon\u00bb button_one_letter_spacing_hover=\u00bb0&#8243; custom_button_two=\u00bboff\u00bb button_two_letter_spacing=\u00bb0&#8243; button_two_use_icon=\u00bbdefault\u00bb button_two_icon_placement=\u00bbright\u00bb button_two_on_hover=\u00bbon\u00bb button_two_letter_spacing_hover=\u00bb0&#8243; title_font=\u00bb|on|||\u00bb subhead_font_size=\u00bb22px\u00bb background_overlay_color=\u00bbrgba(1,78,130,0.54)\u00bb subhead_font_color=\u00bb#f2ff00&#8243; subhead_font=\u00bb|on|||\u00bb] [\/et_pb_fullwidth_header][\/et_pb_section][et_pb_section admin_label=\u00bbsection\u00bb][et_pb_row admin_label=\u00bbrow\u00bb][et_pb_column type=\u00bb4_4&#8243;][et_pb_text admin_label=\u00bbAviso de privacidad\u00bb background_layout=\u00bblight\u00bb text_orientation=\u00bbjustified\u00bb use_border_color=\u00bboff\u00bb border_color=\u00bb#ffffff\u00bb border_style=\u00bbsolid\u00bb]<\/p>\n<h2>Av\u00eds de privacitat<\/h2>\n<p>BESMA CARGO EUROPE SPAIN (des d&#8217;ara \u00abl&#8217;empresa\u00bb) amb domicili fiscal a l&#8217;AV. DELS ALPS, 48\u00a0 CORNELL\u00c0 DE LLOBREGAT 08940, BARCELONA (en endavant \u00abdomicili fiscal\u00bb), \u00e9s responsable de recollir les seves dades personals i de l&#8217;\u00fas que se\u00a0 li doni a les mateixes, aix\u00ed com de la seva protecci\u00f3.<\/p>\n<p>La informaci\u00f3 personal que proporciona a l&#8217;empresa ser\u00e0 utilitzada per proveir els serveis i productes que ha sol\u2022licitat, informar-li sobre canvis dels mateixos i avaluar la qualitat del servei que li oferim. Per a les finalitats abans esmentades, requerim obtenir les seg\u00fcents dades personals: nom, data de naixement, sexe, instituci\u00f3 a la qual pertany, ocupaci\u00f3, domicili, n\u00famero de tel\u00e8fon i correu electr\u00f2nic.<\/p>\n<p>Aix\u00ed mateix, l&#8217;informem que les seves dades personals poden ser transferides i tractades dins i fora del pa\u00eds, per persones f\u00edsiques i \/ o jur\u00eddiques. Si vost\u00e8 no manifesta la seva oposici\u00f3 perqu\u00e8 les seves dades personals siguin transferides, s&#8217;entendr\u00e0 que ens ha atorgat el seu consentiment per fer-ho.<\/p>\n<p>Vost\u00e8 t\u00e9 dret d&#8217;accedir, rectificar i cancel\u2022lar les seves dades personals, aix\u00ed com d&#8217;oposar-se al tractament de les mateiexes o revocar el consentiment que per aquesta finalitat hagi atorgat, a trav\u00e9s dels procediments que hem implementat. Per con\u00e8ixer aquests procediments els requisits i terminis, es poden posar en contacte amb el nostre departament de dades personals a trav\u00e9s dels seg\u00fcents mitjans:<\/p>\n<p>Adre\u00e7a Postal:<\/p>\n<p><strong>AV. DELS ALPS, 48, CORNELL\u00c0 DE LLOBREGAT.<\/strong><\/p>\n<p>Tel\u00e8fon:<\/p>\n<p><strong>930 180 635<\/strong><\/p>\n<p>E-mail:<\/p>\n<p><a href=\"mailto:privacidad@es.besmacargo.com\">privacidad@es.besmacargo.com<\/a><\/p>\n<p>Qualsevol modificaci\u00f3 d&#8217;aquest av\u00eds de privacitat podr\u00e0 consultar-ho a<a href=\"http:\/\/es.besmacargo.com\"> http:\/\/es.besmacargo.com<\/a><\/p>\n<p>[\/et_pb_text][\/et_pb_column][\/et_pb_row][\/et_pb_section]<\/p>\n","protected":false},"excerpt":{"rendered":"<p>Av\u00eds de privacitat BESMA CARGO EUROPE SPAIN (des d&#8217;ara \u00abl&#8217;empresa\u00bb) amb domicili fiscal a l&#8217;AV. DELS ALPS, 48\u00a0 CORNELL\u00c0 DE LLOBREGAT 08940, BARCELONA (en endavant \u00abdomicili fiscal\u00bb), \u00e9s responsable de recollir les seves dades personals i de l&#8217;\u00fas que se\u00a0 li doni a les mateixes, aix\u00ed com de la seva protecci\u00f3. La informaci\u00f3 personal que [&hellip;]<\/p>\n","protected":false},"author":2,"featured_media":0,"parent":0,"menu_order":0,"comment_status":"closed","ping_status":"closed","template":"","meta":{"_et_pb_use_builder":"on","_et_pb_old_content":"","_et_gb_content_width":"","footnotes":""},"class_list":["post-506","page","type-page","status-publish","hentry"],"aioseo_notices":[],"_links":{"self":[{"href":"http:\/\/besmacargo.com\/es-ca\/wp-json\/wp\/v2\/pages\/506","targetHints":{"allow":["GET"]}}],"collection":[{"href":"http:\/\/besmacargo.com\/es-ca\/wp-json\/wp\/v2\/pages"}],"about":[{"href":"http:\/\/besmacargo.com\/es-ca\/wp-json\/wp\/v2\/types\/page"}],"author":[{"embeddable":true,"href":"http:\/\/besmacargo.com\/es-ca\/wp-json\/wp\/v2\/users\/2"}],"replies":[{"embeddable":true,"href":"http:\/\/besmacargo.com\/es-ca\/wp-json\/wp\/v2\/comments?post=506"}],"version-history":[{"count":7,"href":"http:\/\/besmacargo.com\/es-ca\/wp-json\/wp\/v2\/pages\/506\/revisions"}],"predecessor-version":[{"id":564,"href":"http:\/\/besmacargo.com\/es-ca\/wp-json\/wp\/v2\/pages\/506\/revisions\/564"}],"wp:attachment":[{"href":"http:\/\/besmacargo.com\/es-ca\/wp-json\/wp\/v2\/media?parent=506"}],"curies":[{"name":"wp","href":"https:\/\/api.w.org\/{rel}","templated":true}]}}

Avís de privacitat

<p>[et_pb_section admin_label=»Sección» transparent_background=»off» allow_player_pause=»off» inner_shadow=»off» parallax=»off» parallax_method=»on» padding_mobile=»off» make_fullwidth=»off» use_custom_width=»off» width_unit=»off» custom_width_px=»1080px» custom_width_percent=»80%» make_equal=»off» use_custom_gutter=»off» fullwidth=»on» specialty=»off» disabled=»off»][et_pb_fullwidth_header admin_label=»Título de anchura completa» title=»Avís de privacitat» background_layout=»dark» text_orientation=»right» header_fullscreen=»off» header_scroll_down=»off» background_url=»http://besmacargo.com/es-ca/wp-content/uploads/en-besma.jpg» parallax=»off» parallax_method=»off» content_orientation=»center» image_orientation=»center» custom_button_one=»off» button_one_letter_spacing=»0&#8243; button_one_use_icon=»default» button_one_icon_placement=»right» button_one_on_hover=»on» button_one_letter_spacing_hover=»0&#8243; custom_button_two=»off» button_two_letter_spacing=»0&#8243; button_two_use_icon=»default» button_two_icon_placement=»right» button_two_on_hover=»on» button_two_letter_spacing_hover=»0&#8243; title_font=»|on|||» subhead_font_size=»22px» background_overlay_color=»rgba(1,78,130,0.54)» subhead_font_color=»#f2ff00&#8243; subhead_font=»|on|||»] [/et_pb_fullwidth_header][/et_pb_section][et_pb_section admin_label=»section»][et_pb_row admin_label=»row»][et_pb_column type=»4_4&#8243;][et_pb_text admin_label=»Aviso de privacidad» background_layout=»light» text_orientation=»justified» use_border_color=»off» border_color=»#ffffff» border_style=»solid»]</p>
<h2>Avís de privacitat</h2>
<p>BESMA CARGO EUROPE SPAIN (des d&#8217;ara «l&#8217;empresa») amb domicili fiscal a l&#8217;AV. DELS ALPS, 48  CORNELLÀ DE LLOBREGAT 08940, BARCELONA (en endavant «domicili fiscal»), és responsable de recollir les seves dades personals i de l&#8217;ús que se  li doni a les mateixes, així com de la seva protecció.</p>
<p>La informació personal que proporciona a l&#8217;empresa serà utilitzada per proveir els serveis i productes que ha sol•licitat, informar-li sobre canvis dels mateixos i avaluar la qualitat del servei que li oferim. Per a les finalitats abans esmentades, requerim obtenir les següents dades personals: nom, data de naixement, sexe, institució a la qual pertany, ocupació, domicili, número de telèfon i correu electrònic.</p>
<p>Així mateix, l&#8217;informem que les seves dades personals poden ser transferides i tractades dins i fora del país, per persones físiques i / o jurídiques. Si vostè no manifesta la seva oposició perquè les seves dades personals siguin transferides, s&#8217;entendrà que ens ha atorgat el seu consentiment per fer-ho.</p>
<p>Vostè té dret d&#8217;accedir, rectificar i cancel•lar les seves dades personals, així com d&#8217;oposar-se al tractament de les mateiexes o revocar el consentiment que per aquesta finalitat hagi atorgat, a través dels procediments que hem implementat. Per conèixer aquests procediments els requisits i terminis, es poden posar en contacte amb el nostre departament de dades personals a través dels següents mitjans:</p>
<p>Adreça Postal:</p>
<p><strong>AV. DELS ALPS, 48, CORNELLÀ DE LLOBREGAT.</strong></p>
<p>Telèfon:</p>
<p><strong>930 180 635</strong></p>
<p>E-mail:</p>
<p><a href="mailto:privacidad@es.besmacargo.com">privacidad@es.besmacargo.com</a></p>
<p>Qualsevol modificació d&#8217;aquest avís de privacitat podrà consultar-ho a<a href="http://es.besmacargo.com"> http://es.besmacargo.com</a></p>
<p>[/et_pb_text][/et_pb_column][/et_pb_row][/et_pb_section]</p>

<p>Avís de privacitat BESMA CARGO EUROPE SPAIN (des d&#8217;ara «l&#8217;empresa») amb domicili fiscal a l&#8217;AV. DELS ALPS, 48  CORNELLÀ DE LLOBREGAT 08940, BARCELONA (en endavant «domicili fiscal»), és responsable de recollir les seves dades personals i de l&#8217;ús que se  li doni a les mateixes, així com de la seva protecció. La informació personal que [&hellip;]</p>
